0. List the prime factors of r/5 + (-1924)/(-65).
2, 3, 5
Suppose -3*d + 3*g - 24 = 0, -3*g - 11 = -2*d + 4*d. Let l be ((-119)/3)/(d/(-21)). Let h = l - -171. What are the prime factors of h?
2, 13
Suppose 2*g - 8 = -20. Suppose 2*o - 1 - 4 = -3*a, 5*a + 2*o = 7. Let l = a - g. What are the prime factors of l?
7
Suppose 0 = -4*c + 4 + 8. Suppose 316 = c*q - 8. List the prime factors of q.
2, 3
Let a(n) = 7*n**2 + 56*n + 50. List the prime factors of a(-12).
2, 193
Let z = 277 - 223. What are the prime factors of z?
2, 3
Suppose -f + 420 + 7 = 0. Suppose -9*r = -2*r - f. What are the prime factors of r?
61
Let u(r) = -375*r**2 - 2 + 0 + 376*r**2 + 17. What are the prime factors of u(7)?
2
Let h be (-9)/5 - (-44)/55. List the prime factors of -2 - (h - 0 - 75).
2, 37
Suppose -49267 - 1402 = -23*a. What are the prime factors of a?
2203
Let t(l) = 36*l + 436. What are the prime factors of t(37)?
2, 13, 17
Suppose -2*n + 27*p + 5455 = 24*p, -8173 = -3*n - 5*p. List the prime factors of n.
2, 29, 47
Let d(h) = -2*h - 1. Let l be d(-2). Suppose -2*k - k - l*n + 177 = 0, -k = 4*n - 47. Let f = 95 - k. What are the prime factors of f?
2
Let t be 2/13 + 72/39. Suppose 4*p - p + 4*b = 75, 0 = t*p - 3*b - 50. List the prime factors of p.
5
Let q(l) = -l**3 - 7*l**2 - l - 6. Let w(r) = -r**3 - 9*r**2 - 6. Let b be w(-9). Let u be q(b). What are the prime factors of (3/(-2))/(6/u)?
3
Suppose 5*q - 495 = 3*f, 3*f - 423 = -4*q - 0*f. Suppose -a - z + 21 = 0, -a - 2*z = 4*a - q. Suppose 0 = s - a + 3. What are the prime factors of s?
17
Let n(w) = w - 5. Let r be n(9). Suppose -50 - 25 = -k + d, 366 = 5*k + r*d. What are the prime factors of k?
2, 37
Suppose -4*v + 3*f = -9*v + 8305, -2*v + 3*f = -3301. What are the prime factors of v?
2, 829
Let n(o) = o + 8. Let k be n(-4). Suppose 2*r + 9 = 1, 468 = k*b - 5*r. What are the prime factors of b?
2, 7
Let x(f) = 15*f**2 + f - 1. Let a be x(1). Let t(u) = 3*u + 18. Let b be t(a). Suppose b = s - 0*s - n, -3*s + 209 = n. List the prime factors of s.
2, 17
Let n(u) = u**2 - 5*u - 385. Let g be n(0). Let t = g - -632. List the prime factors of t.
13, 19
Let s(y) = y**3 + 2*y**2 - 3*y. Let o be s(-3). Suppose 27*f - 28*f + 4 = o. Suppose 0*d = f*d - 300. List the prime factors of d.
3, 5
Let g(i) = -i**3 + i**2. Let o be g(-1). Suppose 4*z - 222 = -3*s, 3*s - 23 = o*z + 199. List the prime factors of s.
2, 37
Let f(w) = 397*w**2 - 4*w. List the prime factors of f(2).
2, 5, 79
Let m(a) = -1157*a - 25. What are the prime factors of m(-1)?
2, 283
Let j(b) = b**3 + 6*b**2 + 4*b - 4. Let y be j(-5). Let q = 3 + y. Suppose -52 = -3*o + q*n, -o - 2*n - 62 = -4*o. List the prime factors of o.
2, 3
Let g(t) = t - 1. Let p(h) = h - 9. Let o(u) = 6*g(u) - p(u). Let z(d) = -4*d - 2. Let j(s) = 5*o(s) + 6*z(s). What are the prime factors of j(4)?
7
Suppose 32*u - 16455 = 17*u. What are the prime factors of u?
1097
Let n(j) = -4*j - 19. Let t be n(-6). Suppose -8*v + 3*v = -t*w - 35, 1 = -5*v - 4*w. Suppose -f + 3 = 5*x + 22, -v*f + 33 = -3*x. List the prime factors of f.
2, 3
Suppose -6 + 1 = -5*k, 0 = 5*d + 3*k - 1858. What are the prime factors of d?
7, 53
Suppose -15*x + 10*x = 0. Suppose x*d - d = -1. List the prime factors of -4*(d - (3 - 0)).
2
Suppose 2*n - l = -33, 79 - 1 = -4*n - 2*l. Let j be 2*-18 + (-6)/(-6). Let v = n - j. What are the prime factors of v?
17
Let b(j) = 15*j**3 + 2*j**2 + 13*j - 13. List the prime factors of b(4).
1031
Let r(l) = l**3 + 11*l**2 + 11*l + 10. Let g = 14 - 24. Let c be r(g). Suppose -3*m = -c*m + 9, 2*d - 5*m = 101. What are the prime factors of d?
43
Let n be 3/(-21) - (-16)/14. Let j be 11*((-3)/n - -2). Let a(h) = -h - 2. What are the prime factors of a(j)?
3
Let o(g) = 5*g + 456. List the prime factors of o(0).
2, 3, 19
Let j(d) = -56*d**2 + 2*d - 2. Let l be j(1). What are the prime factors of (-338)/(-14) - (-8)/l?
2, 3
Let r(p) = 9*p - 2. Let w be r(-4). Let o = 26 + w. What are the prime factors of (-172)/o + (-2)/6?
2, 7
Suppose 7*i - 1117 = 388. List the prime factors of i.
5, 43
Let v(h) be the third derivative of -11*h**4/24 - 9*h**3/2 + 8*h**2. List the prime factors of v(-4).
17
Let n(w) = 58*w**2 + 11*w - 18. List the prime factors of n(2).
2, 59
Let b(v) = v**3 - 6*v**2 - v + 10. Let r be b(6). Suppose 5*o - 1606 + 374 = -l, -r*o - l + 985 = 0. List the prime factors of o.
13, 19
Let u(l) = 171*l - 3. Let o be u(-3). Let d be (6/2)/((-36)/o). Let i = d - 25. What are the prime factors of i?
2, 3
Let q(x) = 22*x - 35. Let w be q(2). Suppose 4*t + 13 = -15. What are the prime factors of (-54)/t*42/w?
2, 3
Let j(g) = -2 + 6*g + 0 + 3 + 3 + g**2. Suppose 4*r = -20 - 4. What are the prime factors of j(r)?
2
What are the prime factors of 446/2*(0 - -2)?
2, 223
Let g(l) = -7*l**3 + 2*l. Let a be g(-2). Suppose -x + 17 = q, x + 5*q + 19 - a = 0. What are the prime factors of x?
13
Suppose -5*r - 4*l = -5723, 4570 = 4*r + 7*l - 8*l. What are the prime factors of r?
3, 127
Let l be 27/4 - 1/(-4). Suppose l*f = 2*f. Suppose -6 = v - 2*y - 2*y, 5*y - 25 = f. What are the prime factors of v?
2, 7
Let d(i) = 8*i + 12. Let u(h) = -h - 1. Let r(q) = -d(q) - 4*u(q). Let w be r(-4). Suppose -4*x + w + 36 = 0. List the prime factors of x.
11
Let j be 24/36*(-1470)/(-4). Suppose 0*b - 5*b + j = 5*i, -2*i = -3*b + 127. What are the prime factors of b?
3, 5
Suppose 0*r = -3*y - 4*r + 35, -3*y - 5*r = -40. Suppose -y*i + 7*i = 388. What are the prime factors of i?
2, 97
Suppose -2*p - 102 = -3*u, 0 = 2*u - 0*p + 2*p - 58. Let h = -28 + u. Suppose -h*f = -7*f + 48. What are the prime factors of f?
2
Let x = -320 - -345. List the prime factors of x.
5
Let g = -1851 + 5396. List the prime factors of g.
5, 709
Let y be 6/(-12) + (-142)/(-4). Suppose -5*n - 5*c = y, -3*n + 7*n = 4*c - 4. Let d = 1 - n. What are the prime factors of d?
5
Suppose 0 = -2*s - 61 + 971. Suppose 799 = 19*b - s. List the prime factors of b.
2, 3, 11
List the prime factors of ((6 - 4)*1142/4)/1.
571
Let g = 2 - 3. Suppose -5*x - p = -0*p - 7, 1 = 2*x + p. What are the prime factors of (-74)/(-4)*x + g?
2, 3
List the prime factors of (-538004)/(-418) - (-2)/(-22).
3, 11, 13
Let r(d) = -2*d**2 - 10*d + 39. What are the prime factors of r(-6)?
3
Suppose -2*i - 5400 = -4*m + 3*i, 0 = -4*m + 3*i + 5408. Suppose -2*v = -7*v + m. List the prime factors of v.
271
Suppose -57*b = -46*b - 1353. List the prime factors of b.
3, 41
Let u(d) = -15*d**2 + 4*d - 9. Let q be u(3). Let m = -71 - q. List the prime factors of m.
61
Let u(a) = 1412*a - 32. What are the prime factors of u(1)?
2, 3, 5, 23
Let m(u) = 11*u**2 + 13*u + 77. What are the prime factors of m(-8)?
677
Suppose 5290 = -15*z + 25*z. List the prime factors of z.
23
List the prime factors of 7/((-28)/(-164))*1.
41
Suppose 2*w - 2*h = -3*w - 94, w + 28 = 5*h. Let q be 4/(-8) + w/4. Let s(d) = -4*d + 6. List the prime factors of s(q).
2, 13
Suppose -14*b = -29*b - 165. Let n = b - -85. List the prime factors of n.
2, 37
Suppose -28*b - 303 = -1143. List the prime factors of b.
2, 3, 5
Let o be 286/3 - (-6)/9. Suppose -2*r + o = r. List the prime factors of r.
2
Suppose -4*l = -1477 - 10051. List the prime factors of l.
2, 11, 131
Suppose q = -q - n + 10, -2*q - 3*n = -10. Suppose q = 4*v - 5*t + 2, 0 = -3*v + 3*t + 6. Suppose -2*c - 75 = -v*c. List the prime factors of c.
3, 5
Let p(c) = 21*c**2 + 16*c + 19. Let h be p(-10). Suppose 7*b - h = -496. What are the prime factors of b?
11, 19
Let b(g) = -g**3 - 126*g**2 + 36*g - 10. Let r(c) = -25*c**2 + 7*c - 2. Let s(k) = -2*b(k) + 11*r(k). List the prime factors of s(12).
2, 101
Let u(j) = 12*j - 36. Let l be (-2 + 6)*(140/(-16))/(-7). List the prime factors of u(l).
2, 3
Suppose 0 = -9*b - 107 + 1034. Let d = b + -65. What are the prime factors of d?
2, 19
Let j = 1847 + -327. What are the prime factors of j?
2, 5, 19
Let o(m) = 66*m**2 - 4*m. What are the prime factors of o(3)?
2, 3, 97
Let d be 2/4 + -1 + 48/(-32). What are the prime factors of 2127/12 - d/(-8)?
3, 59
Let v(o) = -o + 3 - 1 + 0 + 2*o. Let j be v(3). Suppose -j*w + 3 = -17. List the prime factors of w.
2
Suppose 0 = 395*y - 385*y - 8210. What are the prime factors of y?
821
Suppose 4*s - 2 = 10. Suppose s*a + 2*a = 5*o - 230, 0 = 3*a. List the prime facto